. Suppose 11*f = 8*f + d. What is the units digit of f?
8
Let t = -2 + 11. What is the units digit of t?
9
Let s = 6 + -11. Let v = 11 + s. What is the units digit of v?
6
Let g = 463 + -213. What is the hundreds digit of g?
2
Let r = 30 + -9. Suppose 2*u + 9 = 4*u - o, r = 4*u - o. What is the units digit of u?
6
Let b(n) be the third derivative of -5*n**4/6 + n**3/6 - 2*n**2. Let y be b(-1). Suppose -y = -0*g - 3*g. What is the units digit of g?
7
Let g(d) = d**3 - 11*d**2 + 11*d - 4. Let h be g(10). Suppose -h*m + 3*m + 27 = 0. What is the units digit of m?
9
Let a be -10*(4 - 2) - 0. Let k = 26 + a. What is the units digit of k?
6
Let c be 2/(-6) + (-14)/(-6). Suppose -2*o - 7 = -5*l, 4*l + o - 7 = 4*o. Suppose -c*r + j + 11 = 0, -j = -r + l + 2. What is the units digit of r?
8
Suppose 4*d = 4*h + 9*d - 25, 4*h - 4*d + 20 = 0. Let u be (h + 2)/(2/(-12)). Let t = 20 + u. What is the units digit of t?
8
Let f(a) = -20*a - 8. Let i be f(7). Let p be (-2)/(-4) - i/(-8). What is the tens digit of (-4 + p)*(-1)/2?
1
Let c be (-99)/(-21) + 4/14. Suppose 2*k - 65 - c = 0. Suppose -4*v + v = -5*n + k, -2*n + 14 = 2*v. What is the units digit of n?
7
Suppose 3*j + 3*h + 0 - 9 = 0, -h = -j - 3. Suppose 3*f = -j*f + 135. What is the tens digit of f?
4
Suppose -2*g - 12 = -6*g. Suppose k + 2 - 4 = 0. What is the units digit of 2/g*27/k?
9
Suppose 10 = 2*a + 3*j + 1, j = 3*a - 8. Let c be (8/6 - 2)*3. What is the units digit of c/2 - (-11 + a)?
7
What is the units digit of 24/10*80/6?
2
Let w = -89 + 93. What is the units digit of w?
4
Let r(y) = 5*y - 2. Let j be r(4). Let k = -1 + j. What is the units digit of k?
7
Suppose -5 = -2*k + 1. Suppose -m + 5*r + 36 = 0, 2*r = k*m + r - 94. What is the tens digit of m?
3
Let h(l) = l**3 + 13*l**2 + 9*l + 11. What is the hundreds digit of h(-11)?
1
Let d(s) = -s**2 - 12*s + 12. What is the units digit of d(-9)?
9
Let y(c) = -2*c**2 - 13*c. Let u(i) = i**2 + 6*i. Let v(f) = 5*u(f) + 2*y(f). What is the units digit of v(-5)?
5
Suppose 14 = -4*b + 50. Let p = 6 - 3. Let c = b - p. What is the units digit of c?
6
Suppose -2*j - 3*r + 98 = 24, 0 = 2*j - 3*r - 62. What is the tens digit of j?
3
Let t = -95 - -279. What is the units digit of t?
4
Let b(z) = z. Let k(c) = -3*c - 8. Let r(l) = -5*b(l) - k(l). Let d be r(-9). Suppose 59 = 5*m - d. What is the units digit of m?
7
Suppose -y = -0*y. Suppose -18 - 3 = -7*r. Suppose -w - 2*j + 2 = -y*w, -11 = -r*w - j. What is the units digit of w?
4
Let c = 1 + 2. Suppose c*j - 2*m = 38, 3*j - 4*m = 6 + 34. What is the units digit of j?
2
Let f(b) = -b + 5. Let g be f(0). Suppose j = -a + g, -j + 8 = 4*a - 0. Suppose -m = j - 16. What is the tens digit of m?
1
Let b(g) be the second derivative of g**7/2520 + g**6/144 + g**5/24 - g**4/6 + g. Let z(d) be the third derivative of b(d). What is the units digit of z(-4)?
1
Let b be (-1)/(2*2/(-8)). What is the tens digit of (-5)/b*28/(-5)?
1
Let h = -10 + 11. What is the units digit of h?
1
Suppose h - 6 = -2*r - 1, 4*r = -5*h - 5. Let x(k) = 4*k - 2. What is the units digit of x(r)?
8
Suppose -3*h - 191 = -4*n, 0 = n + 3*n - 4*h - 192. What is the units digit of n?
7
Let i be 2/(-7) + (-108)/14. Let o(w) = -w**3 - 7*w**2 + 8*w - 8. Let t be o(i). What is the tens digit of (-82)/t - (-2)/(-8)?
1
Let i be (-4)/(-1) + -9 + 7. Let m be i/(-4)*(-1 + -7). Suppose 0 = m*r - r - 3. What is the units digit of r?
1
Let o(f) = 252*f**2 + f. What is the tens digit of o(-1)?
5
Suppose 44*b - 46*b + 628 = 0. What is the tens digit of b?
1
Let a be (18/4)/((-30)/(-80)). Suppose 8*y - 110 = 3*y. Let s = y - a. What is the units digit of s?
0
Let o(u) be the third derivative of -u**4/24 - 2*u**3/3 - 2*u**2. Let v be o(-7). What is the units digit of 7 + (9/v)/3?
8
Let f = 87 - 55. What is the units digit of f?
2
Suppose -4*l + 31 = 3*m, 0 = -0*m + 2*m - 2*l - 44. What is the units digit of m?
7
Suppose -5*o = -428 + 98. What is the units digit of o?
6
Let w be 2/(-2)*(4 + -8). Let t(k) = k**3 - k**2 - 6*k + 1. What is the units digit of t(w)?
5
Let h(b) = 5 + 0 - 8 - b + 2. What is the units digit of h(-10)?
9
Let t = -7 + 12. Suppose -t*h = -6 - 4. What is the units digit of 4 - (h + 0 - 2)?
4
Let j(x) = -3*x + 11. What is the tens digit of j(-6)?
2
Suppose 5*u + 2*t = 5 + 9, 2*t - 4 = 0. Suppose -5*b = 5*s - 40, -u*b = -6*b - 8. Suppose -2 = -3*y - q, -2*q = 3*y + 2*q + s. What is the units digit of y?
2
Let r(m) be the third derivative of 5*m**4/12 + 2*m**3/3 - 3*m**2. Let v(c) = -21*c - 7. Let f(l) = 5*r(l) + 3*v(l). What is the tens digit of f(-1)?
1
Suppose -4*l + 17 + 307 = 0. What is the units digit of l?
1
Let f be 12/(-8)*(-4)/(-3). Let d(u) = u**2 + u. What is the units digit of d(f)?
2
Let y(a) be the third derivative of a**6/120 + 7*a**5/60 - a**4/6 - a**3 + 2*a**2. What is the tens digit of y(-7)?
2
Suppose 0 = 4*k - 9*k + 280. What is the units digit of k?
6
Suppose 2*v = -4*v + 132. What is the units digit of v?
2
Let j = -22 - -37. Let g = 21 + j. What is the tens digit of g?
3
Suppose 5*u - 182 = -3*j, 0*j = j - 4. What is the tens digit of u?
3
Let i(x) = -x + 13. Let f be i(9). Suppose -12 = -f*o, 4*h + o = 44 - 1. What is the tens digit of h?
1
Suppose -5*b + 4 + 6 = 0. Let f = b + -1. Suppose 4*r - f + 6 = n, -3*n = -4*r - 7. What is the units digit of n?
1
Let h be 3 + -1 - (-5 + 9). Let w(t) = t**2 + 3*t - 4. Let c be w(-4). Let f = c - h. What is the units digit of f?
2
Let k = -96 + 219. What is the hundreds digit of k?
1
Let c = -7 + 9. Let l = -1 + c. Let q(g) = 4*g**2 + 1. What is the units digit of q(l)?
5
Suppose 5*h - 7 = 148. What is the units digit of h?
1
Let v(r) = r**3 - 7*r**2 - 5*r + 11. Let u be ((-3)/9)/((-2)/48). What is the tens digit of v(u)?
3
Let m = 20 + -11. Suppose 2*s - 51 = -m. What is the tens digit of s?
2
Suppose 5*a + 2*b - 420 = 205, -2*a = -4*b - 226. What is the units digit of a?
3
Suppose -99 = -5*j - 4*b + 21, 5*j - 4*b = 80. Let h = j - 14. What is the units digit of h?
6
Let v = 214 - 112. What is the tens digit of v?
0
Let q(i) = i - 5 + 14*i + 2*i - i**2. What is the tens digit of q(16)?
1
Let a(q) be the third derivative of -q**6/120 + 2*q**5/15 + q**4/12 - 7*q**3/6 + q**2. Let w be (-11)/(-88) - 126/(-16). What is the units digit of a(w)?
9
Suppose 75 = 3*u - 2*u. Suppose -p = 4*p - u. Suppose p = -0*a + a. What is the units digit of a?
5
Let g(c) be the second derivative of -c**5/20 - c**4/6 - 2*c**3/3 - c**2 + c. What is the units digit of g(-2)?
6
What is the units digit of 9/3 + 9 + -1?
1
Suppose -n + 395 = -m, -4*n = -3*m - 889 - 686. What is the hundreds digit of n?
3
Let b(s) = 11*s**2 - 10*s - 1. Let x(m) = 4*m**2 - 3*m. Let q(g) = 3*b(g) - 8*x(g). What is the units digit of q(8)?
3
Let i be 16/10*10/4. Suppose 2*g + 2 = i*j, -g - 1 = -4*g + 5*j. Let h = g + -2. What is the units digit of h?
5
Suppose -3*u - 3*m + 257 + 4 = 0, 0 = -5*m. Let f = -57 + u. What is the tens digit of f?
3
Let m = -5 - -8. Suppose 5*p - m*p = -6. Let f = -2 - p. What is the units digit of f?
1
Suppose t = -4*c + 2*c + 10, 0 = -5*c + 3*t + 25. Suppose 0 = c*d - 4*d - 10. What is the tens digit of d?
1
Suppose -20 = -5*w + 50. Suppose 34 = 4*m - w. What is the units digit of m?
2
Suppose 4*b + 5*z - 115 = 0, 0 = 2*z + 4 - 2. What is the units digit of b?
0
Let t = 7 - -8. Let r = -1 + t. What is the units digit of r?
4
Let f(q) = 8*q - 51. What is the hundreds digit of f(20)?
1
Suppose -7*a + 687 - 176 = 0. What is the tens digit of a?
7
Let s = 85 + -55. Suppose 4*f + 4*r - 40 = 0, -4*f = f - 5*r - s. What is the units digit of f?
8
Let t = 42 - 30. Suppose -2*b - 3*h - 1 = 0, 2*b = h + 2 + 9. Suppose s = b*s - t. What is the units digit of s?
4
Suppose 0 + 2 = 2*g + b, -5*b + 10 = 4*g. Let i(l) = l + 3. Let j be i(0). Suppose g = -3*n - j + 45. What is the units digit of n?
4
Suppose 0*z + 2*z = 10. Suppose -4*r - 5*m + 32 = 0, 4*m + z = -2*r + 27. Suppose -5*q + 7 + r = 0. What is the units digit of q?
2
Suppose 128 = 3*p + 47. What is the units digit of p?
7
Suppose 0*x - 1 = -x. Suppose 4*y = -3*z + 25, 3*y - z - 8 - x = 0. Suppose 2*t - 31 = -5*v, 0 = -2*t - t - y*v + 29. What is the units digit of t?
3
What is the units digit of 2 + 1 + 6 - -3?
2
What is the tens digit of 212/6 - (-9